f (-326)/(-4) + 3*(-5)/n?
2, 41
Suppose 24*a - 7027 + 979 = 0. List the prime factors of (-5 - -4)*(5 - a).
13, 19
Let k(y) = -2*y**2 - 5*y - 3. Let o be k(-1). Let q = o - 3. List the prime factors of 1*(-2216)/(-12) + q/(-9).
5, 37
Suppose -14*o = -12*o - 564. Suppose 5*d - 178 = o. List the prime factors of d.
2, 23
Suppose -456 = -23*i + 26*i. Let q = i - -57. What are the prime factors of (5 + q - (4 - 1))*-1?
3, 31
Suppose 4774 = -5*g + 15734. Let b = -650 + g. What are the prime factors of b?
2, 3, 257
Suppose 5*y + 571 = -4*q, y + 112 = -2*q - q. What are the prime factors of (126/(-5))/(2 + y/50)?
2, 3, 7
Suppose f - 4*q + q = 10, 2*q = -10. Let t(o) = -o**3 - 3*o**2 + o - 6. Let z be t(f). Let j = z - -96. List the prime factors of j.
3, 5
Suppose -4*m + 23882 = -2*i, 3*m - 1445 = -2*i + 16442. What are the prime factors of m?
3, 13, 17
Suppose -8*y - 8*y = -224. Let u be y/(1 - (-5 - -5)). Suppose 15*v - u*v - 196 = 0. What are the prime factors of v?
2, 7
Let q(d) = 24*d - 13 + 19 - 14. Let c(x) = 2*x**3 + 23*x**2 + 11*x + 4. Let t be c(-11). What are the prime factors of q(t)?
2, 11
Suppose -3*w - 10*w + 65 = 0. Suppose -5*q + q = -5*n - 1473, w*n = -4*q + 1463. What are the prime factors of q?
367
Let q = 96 - 86. Suppose q*b + 2 = -18. List the prime factors of ((-200)/15)/(b/21).
2, 5, 7
Let n = 4574 + 7783. List the prime factors of n.
3, 1373
What are the prime factors of 46 - -4891 - (8 - -2)?
13, 379
Let y(p) = p**2 + 22*p + 24. Let z be y(-21). Suppose -2*t + z*d = -674, -t + 2*d - d = -338. List the prime factors of t.
2, 5, 17
Let t = -1314 - -1320. Let q be 6/(-21) + (-4)/(-14). Suppose q = a - t*a + 115. What are the prime factors of a?
23
Let z(r) = 4*r**2 - 31*r - 1361. What are the prime factors of z(48)?
6367
Let i(x) = -2*x**2 + 16*x - 14. Let k be i(7). Suppose k = 2*q - 4*a + 12, 5*q = -2*a + 4 + 2. Suppose q = 3*l - 11*l + 1336. What are the prime factors of l?
167
Let b = -1723 + 906. Let f = -84 - b. What are the prime factors of f?
733
Suppose -4*i + 45 = 3*u, -50 = -8*i + 3*i - 5*u. Let m(t) = -t**3 + 15*t**2 + 38*t - 15. What are the prime factors of m(i)?
3, 5, 37
Let t(h) = -h**2 + 30*h - 58. Let z be t(13). Suppose 5*g - z = 2992. What are the prime factors of g?
631
Suppose -19*m + 8*m = 66. What are the prime factors of (((-35854)/(-21))/(-13))/(2/m)?
2, 197
Suppose 386905 + 202145 = -69*y + 234*y. What are the prime factors of y?
2, 3, 5, 7, 17
Suppose 2*t = 28 + 10. Suppose -24*p + t*p = 0. What are the prime factors of (-44*(p - 1))/(-41 + 43)?
2, 11
Let q(o) = 0*o**2 + 7 + 9 - o**2 + 17*o + 7. Let h be q(18). What are the prime factors of (-348)/(-3) - (h + -2)?
113
Let s = 6288 - 12710. List the prime factors of (-1)/(2/(-4) - 3185/s).
13, 19
Suppose 2*i = 5*q, 0 = q + i - 8 + 1. List the prime factors of q/(8/(-10))*2144/(-20).
2, 67
Let k(d) = 311*d + 1812. List the prime factors of k(21).
3, 103
Let t = 59882 - 4989. What are the prime factors of t?
17, 3229
Suppose 24 = -5*j - 1. Let s be 34 - -4 - (1 + j). Suppose 5*d = 332 - s. What are the prime factors of d?
2, 29
Let n(q) = 70*q + 17. Let m be n(7). Let z = m - -709. List the prime factors of z/88 + (-2)/(-11).
2, 7
Suppose -73*t - 170*t + 466560 = 0. List the prime factors of t.
2, 3, 5
Let w = -81 + 83. Suppose 2*g - q = -370, -190 = w*g - 2*q + 178. Let p = -60 - g. What are the prime factors of p?
2, 3, 7
Let k = 47 + -264. Let g = 573 + k. List the prime factors of g.
2, 89
Suppose 0 = 46*p - 13130 - 36136. Suppose 18*f = 15*f + p. What are the prime factors of f?
3, 7, 17
Let q = 10659 - 4439. List the prime factors of q.
2, 5, 311
Suppose 0 = -251*k + 247*k + 40. Suppose 6*a + 3*s + 2290 = k*a, -4*a + 4*s + 2292 = 0. What are the prime factors of a?
571
Let b(c) = c**2 + 15*c + 22. Let q be b(-14). Suppose q*s = 13*s + 3*h - 1745, -5*h + 25 = 0. What are the prime factors of s?
2, 173
Let j(m) = 2*m**2 - 26*m + 71. Suppose 0 = -22*k + 9*k + 325. What are the prime factors of j(k)?
11, 61
Suppose 2*b = -8, 6*c = 3*c + 3*b + 1107. Suppose 0 = 4*h - 8*h - 3*q + 1525, h + 4*q - c = 0. What are the prime factors of h?
5, 7, 11
Let a = -14599 + 15018. List the prime factors of a.
419
Let z = -180 - -177. What are the prime factors of (159/(-4) + 6)/(z/8)?
2, 3, 5
Suppose 169*z + 4*o = 167*z + 33380, -6*o - 24 = 0. List the prime factors of z.
2, 3, 11, 23
Let j(o) = 133*o**2 + 10*o - 8. Suppose 3*h + 4*p + 10 = 0, 4*h + 5*p = -1 - 11. What are the prime factors of j(h)?
2, 17
Let v = 31537 + -20316. List the prime factors of v.
7, 229
Suppose 2*b - 11219 = -4*t + 27503, 4*t + 4*b = 38716. What are the prime factors of t?
2, 47, 103
Let y be (5 - 456) + -5 + 4. Let d = 752 + y. List the prime factors of d.
2, 3, 5
Let y(k) = -5*k + 39. Let s be y(8). Let q(g) = -8*g**3 - 3*g - 3. Let w be q(s). Suppose -651 = -15*c + w*c. What are the prime factors of c?
3, 31
Let a(z) = 7200*z + 529. List the prime factors of a(4).
139, 211
Let v(s) = 4*s**3 + 3*s**2 - 2*s + 9. Suppose -2 = m + 4*t - 25, -14 = 2*m - 4*t. What are the prime factors of v(m)?
2, 3, 23
Let x = -5845 + 14342. What are the prime factors of x?
29, 293
Let f(p) = p**3 - 8*p**2 - 23*p - 21. Let j = 178 + -166. What are the prime factors of f(j)?
3, 31
Suppose 6*s - 172 = 8. Suppose -34*k + s*k = y - 2744, k = 5*y + 665. List the prime factors of k.
5, 137
Suppose -5*a + 23 = 2*h, -3*h - 3*a + a + 62 = 0. Let k(u) = -3*u - 5*u + h*u - 14. What are the prime factors of k(4)?
2, 5
Let q be 2 + (-3 - (3 + -1)). Let m be q*22/(-12) - (-5)/(-10). Suppose -3*y = -4*f + 648, m*f - 3*y - 613 - 197 = 0. What are the prime factors of f?
2, 3
Suppose 6*o = 3*o + 6. Let r(q) = 42*q**2 - 69 - 16*q**o + 70. What are the prime factors of r(1)?
3
Let c = 10111 - -6399. What are the prime factors of c?
2, 5, 13, 127
Let k = -483 - -485. Suppose k*i - 2*x - 1994 = 0, -17*i + 14*i + 2981 = 2*x. What are the prime factors of i?
5, 199
Let q = 146 - 142. Suppose q*a - 1228 = -4*d + 8*d, -617 = -2*a + 5*d. What are the prime factors of a?
2, 3, 17
Suppose 3*j + 2*h = -63 + 316, -2*h - 314 = -4*j. Suppose 76*r - 350 = j*r. Let p = r - -111. List the prime factors of p.
41
Suppose 3140 = -3*b + 3536. Suppose 2*q - 4*t + 184 = -2*q, 0 = q - 5*t + 58. Let h = b + q. List the prime factors of h.
89
Suppose 56*g - 3*f + 10242 = 60*g, 5*g = 2*f + 12814. What are the prime factors of g?
2, 3, 7, 61
What are the prime factors of (1 + -144)/(8/(-1284)*21/14)?
11, 13, 107
Let g(z) = -29*z - 28*z + 41*z + 26. Let t be g(-9). Suppose -t = -6*w + 82. What are the prime factors of w?
2, 3, 7
Suppose 50 = -3*i - 5*u - 426, -5*u - 780 = 5*i. Let j = i + 241. What are the prime factors of j?
89
Suppose -2*p + 6 = -4*p. Let f be (-427)/(-7) - (p - -1). Suppose 3*u = g + 71, u - f = -2*u + 3*g. List the prime factors of u.
5
Let m = -64 + 66. Let d be ((-165)/m)/(1/(-2)). Let t = d + -23. List the prime factors of t.
2, 71
Suppose -42 + 44 = p. Suppose -v + 789 = -3*r, -r + 0*r - 258 = -p*v. Let k = r - -455. What are the prime factors of k?
191
Let l(a) be the first derivative of -a**2/2 - 8*a - 18. Let w be l(-6). What are the prime factors of (w - (-1 + 0 + 2)) + 60?
3, 19
Let k = 8309 - 2310. List the prime factors of k.
7, 857
Let u = -62 - -79. Let t = u - 96. Let n = t + 211. List the prime factors of n.
2, 3, 11
Let b(w) = 5*w**3 - 13*w**2 + 2*w - 57. List the prime factors of b(8).
7, 241
Let o = 479 - -2749. What are the prime factors of o?
2, 3, 269
Let w(s) = -6385*s**3 + 5*s**2 - 39*s - 39. List the prime factors of w(-1).
2, 3, 5, 71
Suppose -4*c + m - 3*m + 2396 = 0, c - 594 = 2*m. Let b = c + -258. What are the prime factors of b?
2, 5, 17
Let b(y) = 2805*y**2 + 4*y - 5. Let l be b(1). Suppose 0 = -4*o - q + l, 294 = 5*o - 3*q - 3194. What are the prime factors of o?
2, 5, 7
What are the prime factors of 4995300/2400 + (-3)/8?
2081
Let t = 20 + -16. Suppose 2*o - 53 = b, -o + t = -2*o. Let g = b + 128. What are the prime factors of g?
67
Suppose -4*s - 809 + 17673 = -2*r, 4225 = s - 5*r. What are the prime factors of s?
3, 5, 281
Let o = 543 - -523. Suppose -44*p = -45*p + o. What are the prime factors of p?
2, 13, 41
Let m(u) = 58*u - 1. Let x(q) = -q + 18. Let y be x(-5). Let v = y - 22. What are t